30 + -115. Is u a multiple of 3?
True
Suppose 4*t - 4*h - h + 24 = 0, -t - 3*h = -11. Let k = -1 - t. Let v = 21 + k. Is v a multiple of 16?
False
Let t(d) = -5*d**2 - 16*d + 17. Let q(p) = -2*p**2 - 5*p + 6. Let s(a) = -11*q(a) + 4*t(a). Does 10 divide s(6)?
True
Suppose -8 = 4*j, 8*l - 3*l + 5*j - 15 = 0. Suppose 2*t = -p, l*p - 6 - 5 = t. Is 11 a factor of (-10)/4*p*-5?
False
Let x(t) = -2*t + 98. Is x(0) a multiple of 11?
False
Let y be (-6)/(-4) - 63/(-6). Let t be 3/y + 182/8. Let g = 43 - t. Does 20 divide g?
True
Is 25 a factor of (5/(-2) - -3)*220?
False
Suppose 3*b = b + 98. Suppose 3*z - 15 = -3*j, -z + 0*z - 1 = -j. Suppose -j*h + b = -8. Does 7 divide h?
False
Let a = 5 - 0. Suppose -a*x = 4*y - 24, -10 = -2*y + 2*x + 2. Let g(i) = 6*i - 9. Is g(y) a multiple of 22?
False
Suppose 2*t - 20 = -2. Let h = 17 - t. Is 8 a factor of h?
True
Let t(i) = 7*i + 1. Let o(s) = 21*s + 4. Let w(r) = -2*o(r) + 7*t(r). Is 6 a factor of w(1)?
True
Let x(o) = -4*o - 9. Let s(w) = w + 3. Let z(k) = 7*s(k) + 2*x(k). Let b = 0 + -4. Is 7 a factor of z(b)?
True
Suppose 0 = -m + g + 25, 0 = m + 2*m - g - 73. Is m a multiple of 24?
True
Let a(u) = u**3 - 4*u**2 - 6*u. Let v be a(5). Let x(t) = -t**2 - 6*t + 5. Is x(v) a multiple of 9?
False
Suppose -f = i - 3*f - 28, -5*f = 4*i - 86. Is i a multiple of 24?
True
Suppose -2*r - 15 = 3*r. Let f(i) = -2*i - 2. Let n be f(r). Suppose n*g - 2*c - 9 = 5, -3*c + 19 = 2*g. Is g a multiple of 2?
False
Suppose f + 0 - 12 = 0. Let j(o) = o + 3. Does 4 divide j(f)?
False
Let u(k) = -k + 2. Let f be u(0). Suppose -3*n + f*i - 138 = n, 2*i + 142 = -4*n. Let q = n + 67. Does 8 divide q?
True
Let u(k) = k**3 + 6*k**2 - 7*k + 3. Is u(3) a multiple of 21?
True
Let d(b) = -b**2 + b + 79. Does 22 divide d(0)?
False
Let s(t) = 9*t + 61. Is 64 a factor of s(18)?
False
Let y(c) = c**3 - 2*c**2 - 2*c. Let l be y(3). Suppose 4*k - 8 = 2*g, 3*k - l = g + 5. Suppose k*f - 82 = -10. Is f a multiple of 8?
False
Does 73 divide (-746)/(-6 - (2 + -6))?
False
Suppose -30 = -2*i + 2*r, 2*i + 5*r = 2*r + 45. Let z = i + -13. Suppose -3*x - 79 = -z*l, 5*l - 4*x = 15 + 67. Is l a multiple of 12?
False
Let u = -3 - -6. Does 11 divide ((-22)/(-3))/(2/u)?
True
Suppose 2*j = -5*h + 5, -2*h = -3*j + 10 + 7. Suppose -n = -j*n + 8. Suppose y - 27 = -n*y. Is 7 a factor of y?
False
Suppose -5*o = 3*a - 0*a + 6, 5*a = -2*o - 10. Let w(h) = -h**3 - 3*h**2 - 3*h - 2. Let p be w(a). Suppose p = 4*z - 16, -3*m + z + 113 = 0. Does 14 divide m?
False
Let t(g) = 0*g - 3*g + 0*g + 2*g + 48 + g**3. Is 8 a factor of t(0)?
True
Is 5 a factor of (-2)/(238/(-78) + (-4 - -7))?
False
Suppose 0 = m - 0*m - 4. Is m a multiple of 4?
True
Let g(q) = q**2 - 8*q + 6. Let a be g(-9). Suppose -2*i + a = -v, -i + 0*i + 78 = -2*v. Is 16 a factor of i?
True
Let x(a) = a**3 - a**2 + a. Let w be 2/(-4)*-1*6. Is x(w) a multiple of 8?
False
Suppose -168 = -8*q + 6*q. Is 27 a factor of q?
False
Suppose -c - 4*b = -44, -3*c - b = -0*c - 110. Let p(r) = r. Let k be p(1). Is k/(-2 + 3)*c a multiple of 18?
True
Suppose -2*v + 3*v - 42 = 0. Is 14 a factor of v?
True
Let x = -160 - -329. Is 5 a factor of x?
False
Suppose 3*m - 12 = 0, -5*m + 4*m + 196 = 4*c. Is c a multiple of 11?
False
Suppose -3*v - 3*x + 81 = 0, -3*x = -2*v - 0*x + 29. Does 15 divide v?
False
Suppose 0*x - x = -40. Is x a multiple of 8?
True
Is 4 a factor of 17 + 0 + 3 - (0 + 2)?
False
Suppose 3*t = -4*d + 21, 3*t + 2*d + 6 = 21. Let n(b) be the third derivative of b**6/120 - b**5/30 + b**4/8 + 2*b**3/3 - b**2. Is 11 a factor of n(t)?
True
Suppose -h - 135 = -4*h. Is h a multiple of 17?
False
Let b(o) = 0 - o + 56*o**2 - 3 - 4 + 6. Does 17 divide b(-1)?
False
Let b = 4 - 13. Let q = 20 + b. Does 11 divide q?
True
Suppose -m - 3*m - 20 = 0. Let j = m - -14. Is j a multiple of 3?
True
Suppose -3*j - 10 = -22. Is j a multiple of 2?
True
Let d(l) = -l**2 - 10*l + 3. Let n be d(-10). Suppose -n*w + 32 = -w. Does 11 divide w?
False
Let q(p) be the third derivative of 0*p - 11/6*p**3 + 0 + 1/12*p**4 - 2*p**2. Is q(8) a multiple of 2?
False
Is 13 a factor of 8/12*57 - -1?
True
Let q(r) = -r**3 + 6*r**2 - 7*r - 2. Let t be q(5). Let a = -4 - t. Is a a multiple of 4?
True
Suppose -140 = -15*m + 10*m. Does 14 divide m?
True
Suppose -5*n = 2*g - 15, 12 = 4*n - 0*n - 4*g. Is 2 a factor of n?
False
Let o be ((-216)/(-4) + 0)/2. Suppose -o = -0*x - x. Is x a multiple of 8?
False
Suppose 6 = i + 3, 48 = 3*a - 3*i. Is 10 a factor of a - 3/((-9)/(-6))?
False
Does 39 divide (-394)/(-5) - (-20)/(-25)?
True
Suppose c + l - 15 = -l, -l - 73 = -3*c. Is c a multiple of 4?
False
Suppose i - 82 - 80 = 0. Is 18 a factor of i?
True
Let n(l) = -2*l + 2 + 0*l + 5*l + 3. Does 7 divide n(5)?
False
Let z be (-868)/(-18) - (-12)/(-54). Suppose -3*q + z = 3. Is 8 a factor of q?
False
Does 8 divide (-2)/((-10)/(-30) - 46/120)?
True
Let u = 62 - 38. Does 5 divide u?
False
Let n be ((1 - -2) + 2)/(-1). Let l = n - -17. Does 9 divide l?
False
Let f(h) = 7*h**3 + 31*h**2 + 26*h - 21. Let q(k) = -3*k**3 - 15*k**2 - 13*k + 10. Suppose 0*g - 4*g - 16 = 0. Let w(t) = g*f(t) - 9*q(t). Does 3 divide w(12)?
True
Let l be 1/(1 + 0)*4. Suppose -4*u + 0*q - 2*q = -56, -l*q + 7 = u. Does 7 divide u?
False
Let v(i) = -8*i**3 + i + 3. Does 28 divide v(-2)?
False
Let s = -28 - -2. Suppose -5*i = -y - 2*y - 27, -50 = 4*y - 2*i. Let d = y - s. Is 6 a factor of d?
True
Let m(l) = 9*l - 23. Let b(t) = -15 + 3*t + 2*t + t. Let k(f) = -8*b(f) + 5*m(f). Is 8 a factor of k(-7)?
False
Let m be (10/(-6))/(2/6). Let o(f) = -f + 4. Let n(b) = -2. Let x(c) = 10*n(c) + 6*o(c). Is x(m) a multiple of 16?
False
Suppose 3*o + 2*o + 35 = 0. Let w = o - -12. Suppose 0 = 3*r + y + y - 44, -w*y = 2*r - 22. Does 7 divide r?
False
Let o be (8/(-12))/(4/(-30)). Let q = 8 - o. Let t = 8 - q. Is t even?
False
Let b be 22/6 - (-5)/15. Let z = b - -4. Is z a multiple of 8?
True
Suppose -6*u + 5*u = -5*i + 159, 3*u = i - 29. Is i a multiple of 32?
True
Suppose 7*g = 5*g + 358. Does 27 divide g?
False
Let s be ((-3)/(-1))/(6/10). Suppose 22 = n + 2*w, 4*w + w - s = 0. Is 12 a factor of n?
False
Let t(h) = -h + 87. Let n be t(0). Suppose n = 4*p - p - d, 5*p - 156 = -2*d. Does 13 divide p?
False
Is 11 a factor of ((-22)/6*-3)/1?
True
Suppose 0 - 16 = -4*v + 4*k, -2*v + 3*k + 5 = 0. Is v a multiple of 2?
False
Let n(g) = -g + 12. Let a be n(7). Suppose 0*r - 3 = 3*r, -5*k = -a*r - 40. Is (-4 + k)/(6/4) a multiple of 2?
True
Let s(z) = 5*z**2 - 4*z + 2 + z**3 - z**3 - z**3. Let w(q) = -3*q**3 + 16*q**2 - 12*q + 7. Let t(y) = -7*s(y) + 2*w(y). Is 12 a factor of t(4)?
False
Suppose 0 = k + 3*x, 2*x + 33 = 3*k - 0*k. Is k a multiple of 5?
False
Suppose 0 = -3*w - 24. Is 19 a factor of 0 + 1*-4*w?
False
Suppose -2*w + 5*d - 10 = 3*w, -d = 4*w - 17. Suppose 2*b - 56 = f, 55 = 4*b - w*f - 53. Is 14 a factor of b?
False
Let g(y) = 6*y - 1. Let x = 13 - 10. Is g(x) a multiple of 6?
False
Let b(u) = -16*u - 20. Is b(-5) a multiple of 5?
True
Let t = -11 + 31. Does 7 divide t?
False
Let t = -30 - -65. Suppose 3*d = -i + 36, -3*i = 4*d - t - 58. Is i a multiple of 6?
False
Let j = 41 + -26. Does 2 divide j?
False
Suppose 5*y - 445 = -w, -4*y - 3*w + 0*w = -345. Let c = 1 - 1. Suppose 3*f - y = -c*f. Does 15 divide f?
True
Let w(v) be the third derivative of -v**5/60 + 11*v**4/24 - 13*v**3/6 + 2*v**2. Is 4 a factor of w(9)?
False
Let z be 1*(-6)/9*3. Is 19 - 1/(3 + z) a multiple of 10?
False
Let p = 4 - 2. Let q be 79/2 + p/(-4). Suppose j - 4*j = -q. Is 13 a factor of j?
True
Let b be -3*(-3)/27*9. Let f = b - -1. Suppose -i + f + 39 = 0. Is i a multiple of 17?
False
Suppose -5*l + 8*l - h = -11, 1 = -3*l - h. Let i be (l - -3) + 2 - 2. Is 6 a factor of (-14)/(-1 + -2 + i)?
False
Suppose -3*z + 746 = -2*s, -s = -3*z - 2*s + 752. Is z a multiple of 10?
True
Let v(p) = -9*p - 5. Suppose 2*k = 4*k - l + 9, k = -4*l. Is 18 a factor of v(k)?
False
Suppose -3*u - 47 = -4*h - h, -5*u - 69 = h. Does 23 divide -3*(-8)/(-12)*u?
False
Let b = -22 - -56. Is 34 a factor of b?
True
Suppose 2*u - 20 = 4*u. Is (-124)/(-7) + u/(-35) a multiple of 18?
True
Is 9 a factor of (5 + 5)*168/15?
False
Suppose 4*i - 392 = -2*d, 0 = 2*d - 4*d - 8. Is i a multiple of 25?
True
Suppose 397 - 94 = 4*l - g, -159 = -2*l - g. Is l a multiple o